{"id":1747,"date":"2024-12-31T12:16:30","date_gmt":"2024-12-31T12:16:30","guid":{"rendered":"http:\/\/www.cekarentacar.com\/?page_id=1747"},"modified":"2025-01-12T13:29:05","modified_gmt":"2025-01-12T13:29:05","slug":"eko-arac","status":"publish","type":"page","link":"https:\/\/www.cekarentacar.com\/?page_id=1747","title":{"rendered":"EKONOM\u0130K SINIF ARA\u00c7LAR"},"content":{"rendered":"<div class=\"wpb-content-wrapper\"><p>[vc_row gap=&#8221;1&#8243; inverse=&#8221;&#8221;][vc_column parallax=&#8221;content-moving-fade&#8221;][vc_btn title=&#8221;L\u00dcKS SINIF ARA\u00c7LAR&#8221; style=&#8221;classic&#8221; color=&#8221;danger&#8221; css=&#8221;.vc_custom_1736002595755{padding-right: 20px !important;}&#8221; link=&#8221;url:http%3A%2F%2Fwww.cekarentacar.com%2F%3Fpage_id%3D1725|title:L%C3%9CKS%20ARA%C3%87LAR1&#8243;][vc_btn title=&#8221;ORTA SINIF ARA\u00c7LAR&#8221; color=&#8221;danger&#8221; css=&#8221;.vc_custom_1736002611204{padding-right: 20px !important;}&#8221; link=&#8221;url:http%3A%2F%2Fwww.cekarentacar.com%2F%3Fpage_id%3D1745|title:Orta%20Ara%C3%A7lar1&#8243;][vc_btn title=&#8221;EKONOM\u0130K ARA\u00c7LAR&#8221; style=&#8221;classic&#8221; color=&#8221;danger&#8221; css=&#8221;&#8221; link=&#8221;url:http%3A%2F%2Fwww.cekarentacar.com%2F%3Fpage_id%3D1747|title:L%C3%9CKS%20ARA%C3%87LAR1&#8243;][\/vc_column][\/vc_row][vc_row][vc_column][vc_empty_space height=&#8221;14 em&#8221; css=&#8221;.vc_custom_1735490720882{margin-top: -150px !important;}&#8221;][vc_empty_space height=&#8221;14 em&#8221; css=&#8221;.vc_custom_1735490720882{margin-top: -150px !important;}&#8221;][vc_empty_space height=&#8221;14 em&#8221; css=&#8221;.vc_custom_1735997340503{margin-top: -150px !important;}&#8221;]<div id=\"sc_blogger_1188636877\" class=\"sc_blogger layout_caristp_4 template_caristp margin_top_null margin_bottom_huge  sc_blogger_horizontal no_description\"><h2 class=\"sc_blogger_title sc_item_title sc_item_title_without_descr\">ARA\u00c7LARIMIZ<\/h2><div class=\"isotope_filters\"><\/div><div class=\"isotope_wrap\" data-columns=\"4\">\t\t<div class=\"isotope_item isotope_item_caristp isotope_item_caristp_4 isotope_column_4\t\t\t\t\t\">\n\t\t\t<div class=\"post_item post_item_caristp post_item_caristp_4\t\t\t\t  post_format_standard odd\">\n\t\t\t\t\n\t\t\t\t\t\t\t\t\t<div class=\"post_featured\">\n\t\t\t\t\t\t\t<div class=\"post_thumb\" data-image=\"https:\/\/www.cekarentacar.com\/wp-content\/uploads\/2024\/12\/polo.png\" data-title=\"Volswagen Polo\">\n\t<a class=\"hover_icon hover_icon_link\" href=\"https:\/\/www.cekarentacar.com\/?cars=volswagen-polo\"><img loading=\"lazy\" decoding=\"async\" class=\"wp-post-image\" width=\"370\" height=\"192\" alt=\"Volswagen Polo\" src=\"https:\/\/www.cekarentacar.com\/wp-content\/uploads\/2024\/12\/polo-370x192.png\"><\/a>\t<\/div>\n\t\t\t\t\t\t<\/div>\n\t\t\t\t\n\t\t\t\t<div class=\"post_content isotope_item_content\">\n\n\t\t\t\t\t\t\t\t\t\t\t<div class=\"sc_cars_item_info\">\n\t\t\t\t\t\t\t<div class=\"main_info\">\n\t\t\t\t\t\t\t\t<h4 class=\"car_title\"><a href=\"https:\/\/www.cekarentacar.com\/?cars=volswagen-polo\">Volswagen Polo<\/a><\/h4>\t\t\t\t\t\t\t\t\t\t\t\t\t\t\t\t<h6 class=\"car_classification\">Hatchback<\/h6>\n\t\t\t\t\t\t\t\t\t\t\t\t\t\t\t<\/div>\n\t\t\t\t\t\t\t\t\t\t\t\t\t\t<div class=\"car_price icon-tag-1\"><span>900 \u20ba<\/span><\/div>\n\t\t\t\t\t\t\t\t\t\t\t\t\t\t<div class=\"car_meta\"><div>2017 Model ve \u00fczeri<\/div><div>Automatic<\/div><\/div>\t\t\t\t\t\t<\/div>\n\t\t\t\t\t\t\n\t\t\t\t<\/div>\t\t\t\t<!-- \/.post_content -->\n\t\t\t<\/div>\t<!-- \/.post_item -->\n\t\t<\/div>\t\t\t\t\t\t<!-- \/.isotope_item -->\n\t\t\t\t<div class=\"isotope_item isotope_item_caristp isotope_item_caristp_4 isotope_column_4\t\t\t\t\t\">\n\t\t\t<div class=\"post_item post_item_caristp post_item_caristp_4\t\t\t\t  post_format_standard even\">\n\t\t\t\t\n\t\t\t\t\t\t\t\t\t<div class=\"post_featured\">\n\t\t\t\t\t\t\t<div class=\"post_thumb\" data-image=\"https:\/\/www.cekarentacar.com\/wp-content\/uploads\/2024\/12\/r1.png\" data-title=\"Renault Clio 4 M\">\n\t<a class=\"hover_icon hover_icon_link\" href=\"https:\/\/www.cekarentacar.com\/?cars=renault-clio-4-b\"><img loading=\"lazy\" decoding=\"async\" class=\"wp-post-image\" width=\"370\" height=\"192\" alt=\"Renault Clio 4 M\" src=\"https:\/\/www.cekarentacar.com\/wp-content\/uploads\/2024\/12\/r1-370x192.png\"><\/a>\t<\/div>\n\t\t\t\t\t\t<\/div>\n\t\t\t\t\n\t\t\t\t<div class=\"post_content isotope_item_content\">\n\n\t\t\t\t\t\t\t\t\t\t\t<div class=\"sc_cars_item_info\">\n\t\t\t\t\t\t\t<div class=\"main_info\">\n\t\t\t\t\t\t\t\t<h4 class=\"car_title\"><a href=\"https:\/\/www.cekarentacar.com\/?cars=renault-clio-4-b\">Renault Clio 4 M<\/a><\/h4>\t\t\t\t\t\t\t\t\t\t\t\t\t\t\t\t<h6 class=\"car_classification\">Hatchback<\/h6>\n\t\t\t\t\t\t\t\t\t\t\t\t\t\t\t<\/div>\n\t\t\t\t\t\t\t\t\t\t\t\t\t\t<div class=\"car_price icon-tag-1\"><span>750 \u20ba<\/span><\/div>\n\t\t\t\t\t\t\t\t\t\t\t\t\t\t<div class=\"car_meta\"><div>2017 Model ve \u00fczeri<\/div><div>Manual<\/div><\/div>\t\t\t\t\t\t<\/div>\n\t\t\t\t\t\t\n\t\t\t\t<\/div>\t\t\t\t<!-- \/.post_content -->\n\t\t\t<\/div>\t<!-- \/.post_item -->\n\t\t<\/div>\t\t\t\t\t\t<!-- \/.isotope_item -->\n\t\t\t\t<div class=\"isotope_item isotope_item_caristp isotope_item_caristp_4 isotope_column_4\t\t\t\t\t\">\n\t\t\t<div class=\"post_item post_item_caristp post_item_caristp_4\t\t\t\t  post_format_standard odd\">\n\t\t\t\t\n\t\t\t\t\t\t\t\t\t<div class=\"post_featured\">\n\t\t\t\t\t\t\t<div class=\"post_thumb\" data-image=\"https:\/\/www.cekarentacar.com\/wp-content\/uploads\/2024\/12\/citroen.png\" data-title=\"Citroen C4\">\n\t<a class=\"hover_icon hover_icon_link\" href=\"https:\/\/www.cekarentacar.com\/?cars=citroen\"><img loading=\"lazy\" decoding=\"async\" class=\"wp-post-image\" width=\"370\" height=\"192\" alt=\"Citroen C4\" src=\"https:\/\/www.cekarentacar.com\/wp-content\/uploads\/2024\/12\/citroen-370x192.png\"><\/a>\t<\/div>\n\t\t\t\t\t\t<\/div>\n\t\t\t\t\n\t\t\t\t<div class=\"post_content isotope_item_content\">\n\n\t\t\t\t\t\t\t\t\t\t\t<div class=\"sc_cars_item_info\">\n\t\t\t\t\t\t\t<div class=\"main_info\">\n\t\t\t\t\t\t\t\t<h4 class=\"car_title\"><a href=\"https:\/\/www.cekarentacar.com\/?cars=citroen\">Citroen C4<\/a><\/h4>\t\t\t\t\t\t\t\t\t\t\t\t\t\t\t\t<h6 class=\"car_classification\">Hatchback<\/h6>\n\t\t\t\t\t\t\t\t\t\t\t\t\t\t\t<\/div>\n\t\t\t\t\t\t\t\t\t\t\t\t\t\t<div class=\"car_price icon-tag-1\"><span>900 \u20ba<\/span><\/div>\n\t\t\t\t\t\t\t\t\t\t\t\t\t\t<div class=\"car_meta\"><div>2017 Model ve \u00fczeri<\/div><div>Automatic<\/div><\/div>\t\t\t\t\t\t<\/div>\n\t\t\t\t\t\t\n\t\t\t\t<\/div>\t\t\t\t<!-- \/.post_content -->\n\t\t\t<\/div>\t<!-- \/.post_item -->\n\t\t<\/div>\t\t\t\t\t\t<!-- \/.isotope_item -->\n\t\t<\/div><div class=\"sc_blogger_button sc_item_button\"><a href=\"\/araclarimiz\/\" class=\"sc_button sc_button_square sc_button_style_filled sc_button_size_small sc_button_style_dark\">Learn more<\/a><\/div><\/div>[vc_empty_space height=&#8221;0.2em&#8221;][vc_column_text css=&#8221;&#8221;]<\/p>\n<h5 class=\"sc_title sc_title_regular margin_top_tiny margin_bottom_tiny\">EKONOM\u0130K ARA\u00c7LAR<\/h5>\n<div class=\"vc_empty_space\">Ekonomik ara\u00e7 kiralama, uygun maliyetle pratik ve g\u00fcvenilir bir ula\u015f\u0131m \u00e7\u00f6z\u00fcm\u00fc sunar. G\u00fcnl\u00fck \u015fehir i\u00e7i ihtiya\u00e7lardan i\u015f seyahatlerine, k\u0131sa tatillerden bireysel kullan\u0131m ama\u00e7lar\u0131na kadar geni\u015f bir kullan\u0131m yelpazesine sahiptir. Hem bireysel hem de kurumsal m\u00fc\u015fterilere hitap eden ekonomik ara\u00e7lar, yak\u0131t tasarrufu ve kolay kullan\u0131m \u00f6zellikleriyle \u00f6ne \u00e7\u0131kar.<\/div>\n<div class=\"wpb_text_column wpb_content_element\">\n<div class=\"wpb_wrapper\">\n<p><strong>Ekonomik Ara\u00e7 Kiralaman\u0131n Avantajlar\u0131:<\/strong><br \/>\nB\u00fct\u00e7e Dostu: Ekonomik ara\u00e7lar, uygun kiralama fiyatlar\u0131yla ula\u015f\u0131m masraflar\u0131n\u0131 minimumda tutar.<\/p>\n<p><strong>Yak\u0131t Verimlili\u011fi:<\/strong> D\u00fc\u015f\u00fck yak\u0131t t\u00fcketimine sahip ara\u00e7lar, hem \u00e7evre dostu bir tercih sunar hem de uzun vadede maliyet tasarrufu sa\u011flar.<\/p>\n<p><strong>Pratiklik ve Kolayl\u0131k:<\/strong> Kompakt boyutlar\u0131 sayesinde \u015fehir i\u00e7i trafi\u011finde rahatl\u0131kla kullan\u0131labilir ve park etme kolayl\u0131\u011f\u0131 sa\u011flar.<\/p>\n<p><strong>\u00c7e\u015fitlilik:<\/strong> \u00c7e\u015fitli marka ve modeller aras\u0131ndan ihtiyac\u0131n\u0131za en uygun olan\u0131 se\u00e7ebilirsiniz.<\/p>\n<p><strong>Hangi Ara\u00e7lar Kiralanabilir?<\/strong><br \/>\nEkonomik ara\u00e7 kiralama se\u00e7enekleri aras\u0131nda genellikle Fiat Egea, Renault Clio, Volsvagen Polo ve Citroen C4 gibi markalar\u0131n kompakt ve hatchback modelleri bulunur. Bu ara\u00e7lar, g\u00fcnl\u00fck kullan\u0131ma uygun olup, sade ve i\u015flevsel tasar\u0131mlar\u0131yla dikkat \u00e7eker.<\/p>\n<p><strong>Kimler Tercih Etmeli?<\/strong><br \/>\nG\u00fcnl\u00fck \u015fehir i\u00e7i ula\u015f\u0131mda ekonomik bir ara\u00e7 arayanlar<br \/>\nB\u00fct\u00e7esini koruyarak temel ula\u015f\u0131m ihtiyac\u0131n\u0131 kar\u015f\u0131lamak isteyen bireyler<br \/>\nK\u0131sa s\u00fcreli ara\u00e7 ihtiyac\u0131 olan ve maliyet odakl\u0131 d\u00fc\u015f\u00fcnen kullan\u0131c\u0131lar<br \/>\nTatil veya i\u015f gezileri i\u00e7in pratik ve kolay kullan\u0131ml\u0131 bir ara\u00e7 arayanlar<br \/>\nEkonomik ara\u00e7 kiralama, g\u00fcvenilir ve b\u00fct\u00e7e dostu bir ula\u015f\u0131m \u00e7\u00f6z\u00fcm\u00fc arayanlar i\u00e7in ideal bir se\u00e7enektir. Siz de ihtiya\u00e7lar\u0131n\u0131za uygun bir arac\u0131 se\u00e7erek hem ekonomik hem de konforlu bir yolculuk deneyimi ya\u015fayabilirsiniz.<\/p>\n<\/div>\n<\/div>\n<p>[\/vc_column_text][\/vc_column][\/vc_row][vc_row][vc_column][vc_btn title=&#8221;L\u00dcKS SINIF ARA\u00c7LAR&#8221; style=&#8221;outline-custom&#8221; outline_custom_color=&#8221;#DD3333&#8243; outline_custom_hover_background=&#8221;#DD3333&#8243; css=&#8221;.vc_custom_1736002683336{padding-right: 20px !important;}&#8221; link=&#8221;url:http%3A%2F%2Fwww.cekarentacar.com%2F%3Fpage_id%3D1725|title:L%C3%9CKS%20ARA%C3%87LAR1&#8243;][vc_btn title=&#8221;ORTA SINIF ARA\u00c7LAR&#8221; style=&#8221;outline-custom&#8221; outline_custom_color=&#8221;#F21515&#8243; outline_custom_hover_background=&#8221;#DD3333&#8243; outline_custom_hover_text=&#8221;#FFFFFF&#8221; css=&#8221;.vc_custom_1736002667337{padding-right: 20px !important;}&#8221; link=&#8221;url:http%3A%2F%2Fwww.cekarentacar.com%2F%3Fpage_id%3D1745|title:Orta%20Ara%C3%A7lar1&#8243;][vc_btn title=&#8221;EKONOM\u0130K SINIF ARA\u00c7LAR&#8221; style=&#8221;outline-custom&#8221; outline_custom_color=&#8221;#DD3333&#8243; outline_custom_hover_background=&#8221;#DD3333&#8243; css=&#8221;&#8221; link=&#8221;url:http%3A%2F%2Fwww.cekarentacar.com%2F%3Fpage_id%3D1747|title:Ekonomik%20ARA%C3%87LAR1&#8243;][vc_empty_space height=&#8221;0.2em&#8221;][\/vc_column][\/vc_row][vc_row][vc_column][vc_raw_html css=&#8221;&#8221;]JTNDc3R5bGUlM0Uuc2NfYmxvZ2dlcl9idXR0b24uc2NfaXRlbV9idXR0b24lMjAlN0IlMEElMjAlMjBkaXNwbGF5JTNBJTIwbm9uZSUzQiUwQSU3RCUzQyUyRnN0eWxlJTNF[\/vc_raw_html][\/vc_column][\/vc_row]<\/p>\n<\/div>","protected":false},"excerpt":{"rendered":"<p>[vc_row gap=&#8221;1&#8243; inverse=&#8221;&#8221;][vc_column parallax=&#8221;content-moving-fade&#8221;][vc_btn title=&#8221;L\u00dcKS SINIF ARA\u00c7LAR&#8221; style=&#8221;classic&#8221; color=&#8221;danger&#8221; css=&#8221;.vc_custom_1736002595755{padding-right: 20px !important;}&#8221; link=&#8221;url:http%3A%2F%2Fwww.cekarentacar.com%2F%3Fpage_id%3D1725|title:L%C3%9CKS%20ARA%C3%87LAR1&#8243;][vc_btn title=&#8221;ORTA SINIF ARA\u00c7LAR&#8221; color=&#8221;danger&#8221; css=&#8221;.vc_custom_1736002611204{padding-right: 20px !important;}&#8221; link=&#8221;url:http%3A%2F%2Fwww.cekarentacar.com%2F%3Fpage_id%3D1745|title:Orta%20Ara%C3%A7lar1&#8243;][vc_btn title=&#8221;EKONOM\u0130K ARA\u00c7LAR&#8221; style=&#8221;classic&#8221; color=&#8221;danger&#8221; css=&#8221;&#8221; link=&#8221;url:http%3A%2F%2Fwww.cekarentacar.com%2F%3Fpage_id%3D1747|title:L%C3%9CKS%20ARA%C3%87LAR1&#8243;][\/vc_column][\/vc_row][vc_row][vc_column][vc_empty_space height=&#8221;14 em&#8221; css=&#8221;.vc_custom_1735490720882{margin-top: -150px !important;}&#8221;][vc_empty_space height=&#8221;14 em&#8221; css=&#8221;.vc_custom_1735490720882{margin-top: -150px !important;}&#8221;][vc_empty_space height=&#8221;14 em&#8221; css=&#8221;.vc_custom_1735997340503{margin-top: -150px !important;}&#8221;][vc_empty_space height=&#8221;0.2em&#8221;][vc_column_text css=&#8221;&#8221;] EKONOM\u0130K ARA\u00c7LAR Ekonomik ara\u00e7 kiralama, uygun maliyetle pratik ve g\u00fcvenilir bir [&hellip;]<\/p>\n","protected":false},"author":1,"featured_media":0,"parent":0,"menu_order":0,"comment_status":"closed","ping_status":"closed","template":"","meta":{"footnotes":""},"class_list":["post-1747","page","type-page","status-publish","hentry"],"yoast_head":"<!-- This site is optimized with the Yoast SEO plugin v27.3 - https:\/\/yoast.com\/product\/yoast-seo-wordpress\/ -->\n<title>EKONOM\u0130K SINIF ARA\u00c7LAR - Ceka Rent a Car<\/title>\n<meta name=\"robots\" content=\"index, follow, max-snippet:-1, max-image-preview:large, max-video-preview:-1\" \/>\n<link rel=\"canonical\" href=\"http:\/\/www.cekarentacar.com\/?page_id=1747\" \/>\n<meta property=\"og:locale\" content=\"tr_TR\" \/>\n<meta property=\"og:type\" content=\"article\" \/>\n<meta property=\"og:title\" content=\"EKONOM\u0130K SINIF ARA\u00c7LAR - Ceka Rent a Car\" \/>\n<meta property=\"og:description\" content=\"[vc_row gap=&#8221;1&#8243; inverse=&#8221;&#8221;][vc_column parallax=&#8221;content-moving-fade&#8221;][vc_btn title=&#8221;L\u00dcKS SINIF ARA\u00c7LAR&#8221; style=&#8221;classic&#8221; color=&#8221;danger&#8221; css=&#8221;.vc_custom_1736002595755{padding-right: 20px !important;}&#8221; link=&#8221;url:http%3A%2F%2Fwww.cekarentacar.com%2F%3Fpage_id%3D1725|title:L%C3%9CKS%20ARA%C3%87LAR1&#8243;][vc_btn title=&#8221;ORTA SINIF ARA\u00c7LAR&#8221; color=&#8221;danger&#8221; css=&#8221;.vc_custom_1736002611204{padding-right: 20px !important;}&#8221; link=&#8221;url:http%3A%2F%2Fwww.cekarentacar.com%2F%3Fpage_id%3D1745|title:Orta%20Ara%C3%A7lar1&#8243;][vc_btn title=&#8221;EKONOM\u0130K ARA\u00c7LAR&#8221; style=&#8221;classic&#8221; color=&#8221;danger&#8221; css=&#8221;&#8221; link=&#8221;url:http%3A%2F%2Fwww.cekarentacar.com%2F%3Fpage_id%3D1747|title:L%C3%9CKS%20ARA%C3%87LAR1&#8243;][\/vc_column][\/vc_row][vc_row][vc_column][vc_empty_space height=&#8221;14 em&#8221; css=&#8221;.vc_custom_1735490720882{margin-top: -150px !important;}&#8221;][vc_empty_space height=&#8221;14 em&#8221; css=&#8221;.vc_custom_1735490720882{margin-top: -150px !important;}&#8221;][vc_empty_space height=&#8221;14 em&#8221; css=&#8221;.vc_custom_1735997340503{margin-top: -150px !important;}&#8221;][vc_empty_space height=&#8221;0.2em&#8221;][vc_column_text css=&#8221;&#8221;] EKONOM\u0130K ARA\u00c7LAR Ekonomik ara\u00e7 kiralama, uygun maliyetle pratik ve g\u00fcvenilir bir [&hellip;]\" \/>\n<meta property=\"og:url\" content=\"http:\/\/www.cekarentacar.com\/?page_id=1747\" \/>\n<meta property=\"og:site_name\" content=\"Ceka Rent a Car\" \/>\n<meta property=\"article:modified_time\" content=\"2025-01-12T13:29:05+00:00\" \/>\n<meta name=\"twitter:card\" content=\"summary_large_image\" \/>\n<meta name=\"twitter:label1\" content=\"Tahmini okuma s\u00fcresi\" \/>\n\t<meta name=\"twitter:data1\" content=\"2 dakika\" \/>\n<script type=\"application\/ld+json\" class=\"yoast-schema-graph\">{\"@context\":\"https:\\\/\\\/schema.org\",\"@graph\":[{\"@type\":\"WebPage\",\"@id\":\"http:\\\/\\\/www.cekarentacar.com\\\/?page_id=1747\",\"url\":\"http:\\\/\\\/www.cekarentacar.com\\\/?page_id=1747\",\"name\":\"EKONOM\u0130K SINIF ARA\u00c7LAR - Ceka Rent a Car\",\"isPartOf\":{\"@id\":\"http:\\\/\\\/www.cekarentacar.com\\\/#website\"},\"datePublished\":\"2024-12-31T12:16:30+00:00\",\"dateModified\":\"2025-01-12T13:29:05+00:00\",\"breadcrumb\":{\"@id\":\"http:\\\/\\\/www.cekarentacar.com\\\/?page_id=1747#breadcrumb\"},\"inLanguage\":\"tr\",\"potentialAction\":[{\"@type\":\"ReadAction\",\"target\":[\"http:\\\/\\\/www.cekarentacar.com\\\/?page_id=1747\"]}]},{\"@type\":\"BreadcrumbList\",\"@id\":\"http:\\\/\\\/www.cekarentacar.com\\\/?page_id=1747#breadcrumb\",\"itemListElement\":[{\"@type\":\"ListItem\",\"position\":1,\"name\":\"Anasayfa\",\"item\":\"https:\\\/\\\/www.cekarentacar.com\\\/\"},{\"@type\":\"ListItem\",\"position\":2,\"name\":\"EKONOM\u0130K SINIF ARA\u00c7LAR\"}]},{\"@type\":\"WebSite\",\"@id\":\"http:\\\/\\\/www.cekarentacar.com\\\/#website\",\"url\":\"http:\\\/\\\/www.cekarentacar.com\\\/\",\"name\":\"Ceka Rent a Car\",\"description\":\"\",\"publisher\":{\"@id\":\"http:\\\/\\\/www.cekarentacar.com\\\/#organization\"},\"potentialAction\":[{\"@type\":\"SearchAction\",\"target\":{\"@type\":\"EntryPoint\",\"urlTemplate\":\"http:\\\/\\\/www.cekarentacar.com\\\/?s={search_term_string}\"},\"query-input\":{\"@type\":\"PropertyValueSpecification\",\"valueRequired\":true,\"valueName\":\"search_term_string\"}}],\"inLanguage\":\"tr\"},{\"@type\":\"Organization\",\"@id\":\"http:\\\/\\\/www.cekarentacar.com\\\/#organization\",\"name\":\"Ceka Rent a Car\",\"url\":\"http:\\\/\\\/www.cekarentacar.com\\\/\",\"logo\":{\"@type\":\"ImageObject\",\"inLanguage\":\"tr\",\"@id\":\"http:\\\/\\\/www.cekarentacar.com\\\/#\\\/schema\\\/logo\\\/image\\\/\",\"url\":\"https:\\\/\\\/www.cekarentacar.com\\\/wp-content\\\/uploads\\\/2024\\\/12\\\/avatar.png\",\"contentUrl\":\"https:\\\/\\\/www.cekarentacar.com\\\/wp-content\\\/uploads\\\/2024\\\/12\\\/avatar.png\",\"width\":512,\"height\":512,\"caption\":\"Ceka Rent a Car\"},\"image\":{\"@id\":\"http:\\\/\\\/www.cekarentacar.com\\\/#\\\/schema\\\/logo\\\/image\\\/\"},\"sameAs\":[\"https:\\\/\\\/www.instagram.com\\\/stories\\\/cekarentacar\\\/\"]}]}<\/script>\n<!-- \/ Yoast SEO plugin. -->","yoast_head_json":{"title":"EKONOM\u0130K SINIF ARA\u00c7LAR - Ceka Rent a Car","robots":{"index":"index","follow":"follow","max-snippet":"max-snippet:-1","max-image-preview":"max-image-preview:large","max-video-preview":"max-video-preview:-1"},"canonical":"http:\/\/www.cekarentacar.com\/?page_id=1747","og_locale":"tr_TR","og_type":"article","og_title":"EKONOM\u0130K SINIF ARA\u00c7LAR - Ceka Rent a Car","og_description":"[vc_row gap=&#8221;1&#8243; inverse=&#8221;&#8221;][vc_column parallax=&#8221;content-moving-fade&#8221;][vc_btn title=&#8221;L\u00dcKS SINIF ARA\u00c7LAR&#8221; style=&#8221;classic&#8221; color=&#8221;danger&#8221; css=&#8221;.vc_custom_1736002595755{padding-right: 20px !important;}&#8221; link=&#8221;url:http%3A%2F%2Fwww.cekarentacar.com%2F%3Fpage_id%3D1725|title:L%C3%9CKS%20ARA%C3%87LAR1&#8243;][vc_btn title=&#8221;ORTA SINIF ARA\u00c7LAR&#8221; color=&#8221;danger&#8221; css=&#8221;.vc_custom_1736002611204{padding-right: 20px !important;}&#8221; link=&#8221;url:http%3A%2F%2Fwww.cekarentacar.com%2F%3Fpage_id%3D1745|title:Orta%20Ara%C3%A7lar1&#8243;][vc_btn title=&#8221;EKONOM\u0130K ARA\u00c7LAR&#8221; style=&#8221;classic&#8221; color=&#8221;danger&#8221; css=&#8221;&#8221; link=&#8221;url:http%3A%2F%2Fwww.cekarentacar.com%2F%3Fpage_id%3D1747|title:L%C3%9CKS%20ARA%C3%87LAR1&#8243;][\/vc_column][\/vc_row][vc_row][vc_column][vc_empty_space height=&#8221;14 em&#8221; css=&#8221;.vc_custom_1735490720882{margin-top: -150px !important;}&#8221;][vc_empty_space height=&#8221;14 em&#8221; css=&#8221;.vc_custom_1735490720882{margin-top: -150px !important;}&#8221;][vc_empty_space height=&#8221;14 em&#8221; css=&#8221;.vc_custom_1735997340503{margin-top: -150px !important;}&#8221;][vc_empty_space height=&#8221;0.2em&#8221;][vc_column_text css=&#8221;&#8221;] EKONOM\u0130K ARA\u00c7LAR Ekonomik ara\u00e7 kiralama, uygun maliyetle pratik ve g\u00fcvenilir bir [&hellip;]","og_url":"http:\/\/www.cekarentacar.com\/?page_id=1747","og_site_name":"Ceka Rent a Car","article_modified_time":"2025-01-12T13:29:05+00:00","twitter_card":"summary_large_image","twitter_misc":{"Tahmini okuma s\u00fcresi":"2 dakika"},"schema":{"@context":"https:\/\/schema.org","@graph":[{"@type":"WebPage","@id":"http:\/\/www.cekarentacar.com\/?page_id=1747","url":"http:\/\/www.cekarentacar.com\/?page_id=1747","name":"EKONOM\u0130K SINIF ARA\u00c7LAR - Ceka Rent a Car","isPartOf":{"@id":"http:\/\/www.cekarentacar.com\/#website"},"datePublished":"2024-12-31T12:16:30+00:00","dateModified":"2025-01-12T13:29:05+00:00","breadcrumb":{"@id":"http:\/\/www.cekarentacar.com\/?page_id=1747#breadcrumb"},"inLanguage":"tr","potentialAction":[{"@type":"ReadAction","target":["http:\/\/www.cekarentacar.com\/?page_id=1747"]}]},{"@type":"BreadcrumbList","@id":"http:\/\/www.cekarentacar.com\/?page_id=1747#breadcrumb","itemListElement":[{"@type":"ListItem","position":1,"name":"Anasayfa","item":"https:\/\/www.cekarentacar.com\/"},{"@type":"ListItem","position":2,"name":"EKONOM\u0130K SINIF ARA\u00c7LAR"}]},{"@type":"WebSite","@id":"http:\/\/www.cekarentacar.com\/#website","url":"http:\/\/www.cekarentacar.com\/","name":"Ceka Rent a Car","description":"","publisher":{"@id":"http:\/\/www.cekarentacar.com\/#organization"},"potentialAction":[{"@type":"SearchAction","target":{"@type":"EntryPoint","urlTemplate":"http:\/\/www.cekarentacar.com\/?s={search_term_string}"},"query-input":{"@type":"PropertyValueSpecification","valueRequired":true,"valueName":"search_term_string"}}],"inLanguage":"tr"},{"@type":"Organization","@id":"http:\/\/www.cekarentacar.com\/#organization","name":"Ceka Rent a Car","url":"http:\/\/www.cekarentacar.com\/","logo":{"@type":"ImageObject","inLanguage":"tr","@id":"http:\/\/www.cekarentacar.com\/#\/schema\/logo\/image\/","url":"https:\/\/www.cekarentacar.com\/wp-content\/uploads\/2024\/12\/avatar.png","contentUrl":"https:\/\/www.cekarentacar.com\/wp-content\/uploads\/2024\/12\/avatar.png","width":512,"height":512,"caption":"Ceka Rent a Car"},"image":{"@id":"http:\/\/www.cekarentacar.com\/#\/schema\/logo\/image\/"},"sameAs":["https:\/\/www.instagram.com\/stories\/cekarentacar\/"]}]}},"_links":{"self":[{"href":"https:\/\/www.cekarentacar.com\/index.php?rest_route=\/wp\/v2\/pages\/1747","targetHints":{"allow":["GET"]}}],"collection":[{"href":"https:\/\/www.cekarentacar.com\/index.php?rest_route=\/wp\/v2\/pages"}],"about":[{"href":"https:\/\/www.cekarentacar.com\/index.php?rest_route=\/wp\/v2\/types\/page"}],"author":[{"embeddable":true,"href":"https:\/\/www.cekarentacar.com\/index.php?rest_route=\/wp\/v2\/users\/1"}],"replies":[{"embeddable":true,"href":"https:\/\/www.cekarentacar.com\/index.php?rest_route=%2Fwp%2Fv2%2Fcomments&post=1747"}],"version-history":[{"count":0,"href":"https:\/\/www.cekarentacar.com\/index.php?rest_route=\/wp\/v2\/pages\/1747\/revisions"}],"wp:attachment":[{"href":"https:\/\/www.cekarentacar.com\/index.php?rest_route=%2Fwp%2Fv2%2Fmedia&parent=1747"}],"curies":[{"name":"wp","href":"https:\/\/api.w.org\/{rel}","templated":true}]}}